{"id":1125,"date":"2025-11-13T18:37:54","date_gmt":"2025-11-13T17:37:54","guid":{"rendered":"https:\/\/www.droniz17.com\/?page_id=1125"},"modified":"2025-11-13T18:53:25","modified_gmt":"2025-11-13T17:53:25","slug":"lieux-dintevention","status":"publish","type":"page","link":"https:\/\/www.nuisibles-et-toitures.com\/?page_id=1125","title":{"rendered":"Lieux d&rsquo;intevention"},"content":{"rendered":"\n\n\n\n<br><strong>Pour la destruction de nids de gu\u00eapes ou frelons, nous intervenons sur les secteurs suivant :<\/strong>\n\n\n\n<br>Bourcefranc-le-Chapus,<br><strong>MARENNES<\/strong> Hiers-Brouage, Saint-Just-Luzac, La Tremblade, Arvert, Beaugeay, Breuillet, Chaillevette,<br><strong>ILE D&rsquo;OLERON<\/strong>, Saint-Pierre-d\u2019Ol\u00e9ron, Saint-Denis-d\u2019Ol\u00e9ron, Saint-Trojan-les-Bains, Saint-Georges-d\u2019Ol\u00e9ron, Grand-Village-Plage, Le Ch\u00e2teau-d\u2019Ol\u00e9ron, La Br\u00e9e-les-Bains, Dolus d\u2019Ol\u00e9ron, \u00c9taules, La Gripperie-Saint-Symphorien, Le Gua, Les Mathes, Mo\u00ebze, Mornac-sur-Seudre, Nieulle-sur-Seudre, Saint-Augustin, Saint-Froult, Saint-Jean-d\u2019Angle, Saint-Sornin, Champagne, \u00c9chillais, L\u2019\u00c9guille, Nancras, Pont-l\u2019Abb\u00e9-d\u2019Arnoult,<br><strong>ROCHEFORT<\/strong>, Royan, Sablonceaux, Saint-Agnant, , Sainte-Gemme, Saint-Nazaire-sur-Charente, Saint-Palais-sur-Mer, Saint-Sulpice-de-Royan, Saujon,Soubise, Trizay, Vaux-sur-Mer, Port-des-Barques,<br><strong>L&rsquo;ILE DE RE<\/strong>,<br><strong>LA ROCHELLE<\/strong>.\n\n\n\n<strong>Pour les traitement de Toitures\/fa\u00e7ades\/panneaux solaire<\/strong>\n\n\n\nNous intervenons sur toute la Charente Maritime!\n\n\n\n","protected":false},"excerpt":{"rendered":"","protected":false},"author":1,"featured_media":0,"parent":0,"menu_order":0,"comment_status":"closed","ping_status":"closed","template":"full-width","meta":{"_monsterinsights_skip_tracking":false,"_monsterinsights_sitenote_active":false,"_monsterinsights_sitenote_note":"","_monsterinsights_sitenote_category":0,"footnotes":""},"class_list":["post-1125","page","type-page","status-publish","hentry"],"yoast_head":"<!-- This site is optimized with the Yoast SEO plugin v26.9 - https:\/\/yoast.com\/product\/yoast-seo-wordpress\/ -->\n<title>Lieux d&#039;intevention - TEL : 07 68 84 97 01<\/title>\n<meta name=\"robots\" content=\"index, follow, max-snippet:-1, max-image-preview:large, max-video-preview:-1\" \/>\n<link rel=\"canonical\" href=\"https:\/\/www.nuisibles-et-toitures.com\/?page_id=1125\" \/>\n<meta property=\"og:locale\" content=\"fr_FR\" \/>\n<meta property=\"og:type\" content=\"article\" \/>\n<meta property=\"og:title\" content=\"Lieux d&#039;intevention - TEL : 07 68 84 97 01\" \/>\n<meta property=\"og:url\" content=\"https:\/\/www.nuisibles-et-toitures.com\/?page_id=1125\" \/>\n<meta property=\"og:site_name\" content=\"TEL : 07 68 84 97 01\" \/>\n<meta property=\"article:publisher\" content=\"https:\/\/www.facebook.com\/profile.php?id=61576756703166\" \/>\n<meta property=\"article:modified_time\" content=\"2025-11-13T17:53:25+00:00\" \/>\n<meta name=\"twitter:card\" content=\"summary_large_image\" \/>\n<script type=\"application\/ld+json\" class=\"yoast-schema-graph\">{\"@context\":\"https:\/\/schema.org\",\"@graph\":[{\"@type\":\"WebPage\",\"@id\":\"https:\/\/www.nuisibles-et-toitures.com\/?page_id=1125\",\"url\":\"https:\/\/www.nuisibles-et-toitures.com\/?page_id=1125\",\"name\":\"Lieux d'intevention - TEL : 07 68 84 97 01\",\"isPartOf\":{\"@id\":\"https:\/\/www.nuisibles-et-toitures.com\/#website\"},\"datePublished\":\"2025-11-13T17:37:54+00:00\",\"dateModified\":\"2025-11-13T17:53:25+00:00\",\"breadcrumb\":{\"@id\":\"https:\/\/www.nuisibles-et-toitures.com\/?page_id=1125#breadcrumb\"},\"inLanguage\":\"fr-FR\",\"potentialAction\":[{\"@type\":\"ReadAction\",\"target\":[\"https:\/\/www.nuisibles-et-toitures.com\/?page_id=1125\"]}]},{\"@type\":\"BreadcrumbList\",\"@id\":\"https:\/\/www.nuisibles-et-toitures.com\/?page_id=1125#breadcrumb\",\"itemListElement\":[{\"@type\":\"ListItem\",\"position\":1,\"name\":\"Accueil\",\"item\":\"https:\/\/www.nuisibles-et-toitures.com\/\"},{\"@type\":\"ListItem\",\"position\":2,\"name\":\"Lieux d&rsquo;intevention\"}]},{\"@type\":\"WebSite\",\"@id\":\"https:\/\/www.nuisibles-et-toitures.com\/#website\",\"url\":\"https:\/\/www.nuisibles-et-toitures.com\/\",\"name\":\"Nuisibles et Toitures\",\"description\":\"Qalit\u00e9 est notre mot cl\u00e9\",\"publisher\":{\"@id\":\"https:\/\/www.nuisibles-et-toitures.com\/#organization\"},\"potentialAction\":[{\"@type\":\"SearchAction\",\"target\":{\"@type\":\"EntryPoint\",\"urlTemplate\":\"https:\/\/www.nuisibles-et-toitures.com\/?s={search_term_string}\"},\"query-input\":{\"@type\":\"PropertyValueSpecification\",\"valueRequired\":true,\"valueName\":\"search_term_string\"}}],\"inLanguage\":\"fr-FR\"},{\"@type\":\"Organization\",\"@id\":\"https:\/\/www.nuisibles-et-toitures.com\/#organization\",\"name\":\"Droniz17\",\"url\":\"https:\/\/www.nuisibles-et-toitures.com\/\",\"logo\":{\"@type\":\"ImageObject\",\"inLanguage\":\"fr-FR\",\"@id\":\"https:\/\/www.nuisibles-et-toitures.com\/#\/schema\/logo\/image\/\",\"url\":\"\",\"contentUrl\":\"\",\"caption\":\"Droniz17\"},\"image\":{\"@id\":\"https:\/\/www.nuisibles-et-toitures.com\/#\/schema\/logo\/image\/\"},\"sameAs\":[\"https:\/\/www.facebook.com\/profile.php?id=61576756703166\"]}]}<\/script>\n<!-- \/ Yoast SEO plugin. -->","yoast_head_json":{"title":"Lieux d'intevention - TEL : 07 68 84 97 01","robots":{"index":"index","follow":"follow","max-snippet":"max-snippet:-1","max-image-preview":"max-image-preview:large","max-video-preview":"max-video-preview:-1"},"canonical":"https:\/\/www.nuisibles-et-toitures.com\/?page_id=1125","og_locale":"fr_FR","og_type":"article","og_title":"Lieux d'intevention - TEL : 07 68 84 97 01","og_url":"https:\/\/www.nuisibles-et-toitures.com\/?page_id=1125","og_site_name":"TEL : 07 68 84 97 01","article_publisher":"https:\/\/www.facebook.com\/profile.php?id=61576756703166","article_modified_time":"2025-11-13T17:53:25+00:00","twitter_card":"summary_large_image","schema":{"@context":"https:\/\/schema.org","@graph":[{"@type":"WebPage","@id":"https:\/\/www.nuisibles-et-toitures.com\/?page_id=1125","url":"https:\/\/www.nuisibles-et-toitures.com\/?page_id=1125","name":"Lieux d'intevention - TEL : 07 68 84 97 01","isPartOf":{"@id":"https:\/\/www.nuisibles-et-toitures.com\/#website"},"datePublished":"2025-11-13T17:37:54+00:00","dateModified":"2025-11-13T17:53:25+00:00","breadcrumb":{"@id":"https:\/\/www.nuisibles-et-toitures.com\/?page_id=1125#breadcrumb"},"inLanguage":"fr-FR","potentialAction":[{"@type":"ReadAction","target":["https:\/\/www.nuisibles-et-toitures.com\/?page_id=1125"]}]},{"@type":"BreadcrumbList","@id":"https:\/\/www.nuisibles-et-toitures.com\/?page_id=1125#breadcrumb","itemListElement":[{"@type":"ListItem","position":1,"name":"Accueil","item":"https:\/\/www.nuisibles-et-toitures.com\/"},{"@type":"ListItem","position":2,"name":"Lieux d&rsquo;intevention"}]},{"@type":"WebSite","@id":"https:\/\/www.nuisibles-et-toitures.com\/#website","url":"https:\/\/www.nuisibles-et-toitures.com\/","name":"Nuisibles et Toitures","description":"Qalit\u00e9 est notre mot cl\u00e9","publisher":{"@id":"https:\/\/www.nuisibles-et-toitures.com\/#organization"},"potentialAction":[{"@type":"SearchAction","target":{"@type":"EntryPoint","urlTemplate":"https:\/\/www.nuisibles-et-toitures.com\/?s={search_term_string}"},"query-input":{"@type":"PropertyValueSpecification","valueRequired":true,"valueName":"search_term_string"}}],"inLanguage":"fr-FR"},{"@type":"Organization","@id":"https:\/\/www.nuisibles-et-toitures.com\/#organization","name":"Droniz17","url":"https:\/\/www.nuisibles-et-toitures.com\/","logo":{"@type":"ImageObject","inLanguage":"fr-FR","@id":"https:\/\/www.nuisibles-et-toitures.com\/#\/schema\/logo\/image\/","url":"","contentUrl":"","caption":"Droniz17"},"image":{"@id":"https:\/\/www.nuisibles-et-toitures.com\/#\/schema\/logo\/image\/"},"sameAs":["https:\/\/www.facebook.com\/profile.php?id=61576756703166"]}]}},"_links":{"self":[{"href":"https:\/\/www.nuisibles-et-toitures.com\/index.php?rest_route=\/wp\/v2\/pages\/1125","targetHints":{"allow":["GET"]}}],"collection":[{"href":"https:\/\/www.nuisibles-et-toitures.com\/index.php?rest_route=\/wp\/v2\/pages"}],"about":[{"href":"https:\/\/www.nuisibles-et-toitures.com\/index.php?rest_route=\/wp\/v2\/types\/page"}],"author":[{"embeddable":true,"href":"https:\/\/www.nuisibles-et-toitures.com\/index.php?rest_route=\/wp\/v2\/users\/1"}],"replies":[{"embeddable":true,"href":"https:\/\/www.nuisibles-et-toitures.com\/index.php?rest_route=%2Fwp%2Fv2%2Fcomments&post=1125"}],"version-history":[{"count":2,"href":"https:\/\/www.nuisibles-et-toitures.com\/index.php?rest_route=\/wp\/v2\/pages\/1125\/revisions"}],"predecessor-version":[{"id":1130,"href":"https:\/\/www.nuisibles-et-toitures.com\/index.php?rest_route=\/wp\/v2\/pages\/1125\/revisions\/1130"}],"wp:attachment":[{"href":"https:\/\/www.nuisibles-et-toitures.com\/index.php?rest_route=%2Fwp%2Fv2%2Fmedia&parent=1125"}],"curies":[{"name":"wp","href":"https:\/\/api.w.org\/{rel}","templated":true}]}}