{"id":1320,"date":"2026-01-11T14:23:21","date_gmt":"2026-01-11T13:23:21","guid":{"rendered":"https:\/\/www.nuisibles-et-toitures.com\/?page_id=1320"},"modified":"2026-01-11T14:23:21","modified_gmt":"2026-01-11T13:23:21","slug":"pourquoi-entretenir-ses-panneaux-solaires","status":"publish","type":"page","link":"https:\/\/www.nuisibles-et-toitures.com\/?page_id=1320","title":{"rendered":"Pourquoi entretenir ses panneaux solaires ?"},"content":{"rendered":"\n<p>Pourquoi entretenir ses panneaux solaires ? De nombreux propri\u00e9taires n\u00e9gligent l&rsquo;importance de les nettoyer r\u00e9guli\u00e8rement. Si vous ne le faites pas assez souvent, les performances de votre syst\u00e8me diminueront en raison de la couche de salet\u00e9 qui les recouvre. C&rsquo;est pourquoi un nettoyage p\u00e9riodique est essentiel pour des r\u00e9sultats optimaux. <strong>1. Am\u00e9liorer l&rsquo;efficacit\u00e9<\/strong><br>Il ne fait aucun doute que le nettoyage de vos panneaux am\u00e9liore leur efficacit\u00e9 globale. Selon de nombreuses observations statistiques, cette am\u00e9lioration de l&rsquo;efficacit\u00e9 et des performances peut \u00eatre spectaculaire, jusqu&rsquo;\u00e0 21 % pour les installations r\u00e9sidentielles et jusqu&rsquo;\u00e0 60 % pour les installations commerciales. C&rsquo;est donc le meilleur moyen de garantir une efficacit\u00e9 maximale \u00e0 vos panneaux. Un nettoyage r\u00e9gulier peut faire toute la diff\u00e9rence&nbsp;! <strong>2. L&rsquo;eau de pluie ne fait rien pour vous<\/strong><br>La plupart des propri\u00e9taires de panneaux solaires ne les nettoient pas apr\u00e8s la pluie, pensant que ce n&rsquo;est pas n\u00e9cessaire car l&rsquo;eau de pluie s&rsquo;en chargera. Mais c&rsquo;est faux. Tout comme il faut nettoyer le pare-brise de sa voiture plus souvent pendant la saison des pluies. Il est donc recommand\u00e9 de ne pas compter sur l&rsquo;eau de pluie pour nettoyer ses panneaux. <strong>3. Augmenter la durabilit\u00e9<\/strong><br>L&rsquo;environnement contient de nombreux grains de sable, particules de poussi\u00e8re et d\u00e9bris. Ceux-ci finiront par s&rsquo;accumuler et contribueront \u00e0 l&rsquo;usure de vos panneaux solaires si vous ne les nettoyez pas r\u00e9guli\u00e8rement, l&rsquo;efficacit\u00e9 de vos panneaux diminuera et vous risquez de tomber en panne beaucoup plus t\u00f4t. <strong>4. Attrait esth\u00e9tique<\/strong><br>Personne ne souhaite voir son toit recouvert de panneaux solaires vieillissants et sales. Tout comme il est important de nettoyer le reste de votre maison, il est essentiel de prendre soin de vos panneaux solaires et de les nettoyer r\u00e9guli\u00e8rement. Un entretien appropri\u00e9 rendra votre maison plus attrayante, tant pour vous que pour vos visiteurs. <strong>conclusion:<\/strong><br>Nettoyer r\u00e9guli\u00e8rement vos panneaux solaires ne vous fera pas perdre d&rsquo;argent ! au contraire ,<a href=\"https:\/\/www.droniz17.com\/?page_id=1046\">(VOIR TARIFS)<\/a> alors assurez-vous de ne pas laisser cet investissement important dans votre maison avec de la salet\u00e9.<br>Nous proposons&nbsp; des services de nettoyage solaire<br>Appelez-nous d\u00e8s aujourd&rsquo;hui au 07 68 84 97 01.<\/p>\n","protected":false},"excerpt":{"rendered":"<p>Pourquoi entretenir ses panneaux solaires ? De nombreux propri\u00e9taires n\u00e9gligent l&rsquo;importance de les nettoyer r\u00e9guli\u00e8rement. Si vous ne le faites pas assez souvent, les performances de votre syst\u00e8me diminueront en raison de la couche de salet\u00e9 qui les recouvre. C&rsquo;est pourquoi un nettoyage p\u00e9riodique est essentiel pour des r\u00e9sultats optimaux. 1. Am\u00e9liorer l&rsquo;efficacit\u00e9Il ne fait&hellip; <br \/> <a class=\"read-more\" href=\"https:\/\/www.nuisibles-et-toitures.com\/?page_id=1320\">Lire la suite<\/a><\/p>\n","protected":false},"author":1,"featured_media":0,"parent":0,"menu_order":0,"comment_status":"closed","ping_status":"closed","template":"","meta":{"_monsterinsights_skip_tracking":false,"_monsterinsights_sitenote_active":false,"_monsterinsights_sitenote_note":"","_monsterinsights_sitenote_category":0,"footnotes":""},"class_list":["post-1320","page","type-page","status-publish","hentry"],"yoast_head":"<!-- This site is optimized with the Yoast SEO plugin v26.9 - https:\/\/yoast.com\/product\/yoast-seo-wordpress\/ -->\n<title>Pourquoi entretenir ses panneaux solaires ? - TEL : 07 68 84 97 01<\/title>\n<meta name=\"robots\" content=\"index, follow, max-snippet:-1, max-image-preview:large, max-video-preview:-1\" \/>\n<link rel=\"canonical\" href=\"https:\/\/www.nuisibles-et-toitures.com\/?page_id=1320\" \/>\n<meta property=\"og:locale\" content=\"fr_FR\" \/>\n<meta property=\"og:type\" content=\"article\" \/>\n<meta property=\"og:title\" content=\"Pourquoi entretenir ses panneaux solaires ? - TEL : 07 68 84 97 01\" \/>\n<meta property=\"og:description\" content=\"Pourquoi entretenir ses panneaux solaires ? De nombreux propri\u00e9taires n\u00e9gligent l&rsquo;importance de les nettoyer r\u00e9guli\u00e8rement. Si vous ne le faites pas assez souvent, les performances de votre syst\u00e8me diminueront en raison de la couche de salet\u00e9 qui les recouvre. C&rsquo;est pourquoi un nettoyage p\u00e9riodique est essentiel pour des r\u00e9sultats optimaux. 1. Am\u00e9liorer l&rsquo;efficacit\u00e9Il ne fait&hellip; Lire la suite\" \/>\n<meta property=\"og:url\" content=\"https:\/\/www.nuisibles-et-toitures.com\/?page_id=1320\" \/>\n<meta property=\"og:site_name\" content=\"TEL : 07 68 84 97 01\" \/>\n<meta property=\"article:publisher\" content=\"https:\/\/www.facebook.com\/profile.php?id=61576756703166\" \/>\n<meta name=\"twitter:card\" content=\"summary_large_image\" \/>\n<meta name=\"twitter:label1\" content=\"Dur\u00e9e de lecture estim\u00e9e\" \/>\n\t<meta name=\"twitter:data1\" content=\"2 minutes\" \/>\n<script type=\"application\/ld+json\" class=\"yoast-schema-graph\">{\"@context\":\"https:\/\/schema.org\",\"@graph\":[{\"@type\":\"WebPage\",\"@id\":\"https:\/\/www.nuisibles-et-toitures.com\/?page_id=1320\",\"url\":\"https:\/\/www.nuisibles-et-toitures.com\/?page_id=1320\",\"name\":\"Pourquoi entretenir ses panneaux solaires ? - TEL : 07 68 84 97 01\",\"isPartOf\":{\"@id\":\"https:\/\/www.nuisibles-et-toitures.com\/#website\"},\"datePublished\":\"2026-01-11T13:23:21+00:00\",\"breadcrumb\":{\"@id\":\"https:\/\/www.nuisibles-et-toitures.com\/?page_id=1320#breadcrumb\"},\"inLanguage\":\"fr-FR\",\"potentialAction\":[{\"@type\":\"ReadAction\",\"target\":[\"https:\/\/www.nuisibles-et-toitures.com\/?page_id=1320\"]}]},{\"@type\":\"BreadcrumbList\",\"@id\":\"https:\/\/www.nuisibles-et-toitures.com\/?page_id=1320#breadcrumb\",\"itemListElement\":[{\"@type\":\"ListItem\",\"position\":1,\"name\":\"Accueil\",\"item\":\"https:\/\/www.nuisibles-et-toitures.com\/\"},{\"@type\":\"ListItem\",\"position\":2,\"name\":\"Pourquoi entretenir ses panneaux solaires ?\"}]},{\"@type\":\"WebSite\",\"@id\":\"https:\/\/www.nuisibles-et-toitures.com\/#website\",\"url\":\"https:\/\/www.nuisibles-et-toitures.com\/\",\"name\":\"Nuisibles et Toitures\",\"description\":\"Qalit\u00e9 est notre mot cl\u00e9\",\"publisher\":{\"@id\":\"https:\/\/www.nuisibles-et-toitures.com\/#organization\"},\"potentialAction\":[{\"@type\":\"SearchAction\",\"target\":{\"@type\":\"EntryPoint\",\"urlTemplate\":\"https:\/\/www.nuisibles-et-toitures.com\/?s={search_term_string}\"},\"query-input\":{\"@type\":\"PropertyValueSpecification\",\"valueRequired\":true,\"valueName\":\"search_term_string\"}}],\"inLanguage\":\"fr-FR\"},{\"@type\":\"Organization\",\"@id\":\"https:\/\/www.nuisibles-et-toitures.com\/#organization\",\"name\":\"Droniz17\",\"url\":\"https:\/\/www.nuisibles-et-toitures.com\/\",\"logo\":{\"@type\":\"ImageObject\",\"inLanguage\":\"fr-FR\",\"@id\":\"https:\/\/www.nuisibles-et-toitures.com\/#\/schema\/logo\/image\/\",\"url\":\"\",\"contentUrl\":\"\",\"caption\":\"Droniz17\"},\"image\":{\"@id\":\"https:\/\/www.nuisibles-et-toitures.com\/#\/schema\/logo\/image\/\"},\"sameAs\":[\"https:\/\/www.facebook.com\/profile.php?id=61576756703166\"]}]}<\/script>\n<!-- \/ Yoast SEO plugin. -->","yoast_head_json":{"title":"Pourquoi entretenir ses panneaux solaires ? - TEL : 07 68 84 97 01","robots":{"index":"index","follow":"follow","max-snippet":"max-snippet:-1","max-image-preview":"max-image-preview:large","max-video-preview":"max-video-preview:-1"},"canonical":"https:\/\/www.nuisibles-et-toitures.com\/?page_id=1320","og_locale":"fr_FR","og_type":"article","og_title":"Pourquoi entretenir ses panneaux solaires ? - TEL : 07 68 84 97 01","og_description":"Pourquoi entretenir ses panneaux solaires ? De nombreux propri\u00e9taires n\u00e9gligent l&rsquo;importance de les nettoyer r\u00e9guli\u00e8rement. Si vous ne le faites pas assez souvent, les performances de votre syst\u00e8me diminueront en raison de la couche de salet\u00e9 qui les recouvre. C&rsquo;est pourquoi un nettoyage p\u00e9riodique est essentiel pour des r\u00e9sultats optimaux. 1. Am\u00e9liorer l&rsquo;efficacit\u00e9Il ne fait&hellip; Lire la suite","og_url":"https:\/\/www.nuisibles-et-toitures.com\/?page_id=1320","og_site_name":"TEL : 07 68 84 97 01","article_publisher":"https:\/\/www.facebook.com\/profile.php?id=61576756703166","twitter_card":"summary_large_image","twitter_misc":{"Dur\u00e9e de lecture estim\u00e9e":"2 minutes"},"schema":{"@context":"https:\/\/schema.org","@graph":[{"@type":"WebPage","@id":"https:\/\/www.nuisibles-et-toitures.com\/?page_id=1320","url":"https:\/\/www.nuisibles-et-toitures.com\/?page_id=1320","name":"Pourquoi entretenir ses panneaux solaires ? - TEL : 07 68 84 97 01","isPartOf":{"@id":"https:\/\/www.nuisibles-et-toitures.com\/#website"},"datePublished":"2026-01-11T13:23:21+00:00","breadcrumb":{"@id":"https:\/\/www.nuisibles-et-toitures.com\/?page_id=1320#breadcrumb"},"inLanguage":"fr-FR","potentialAction":[{"@type":"ReadAction","target":["https:\/\/www.nuisibles-et-toitures.com\/?page_id=1320"]}]},{"@type":"BreadcrumbList","@id":"https:\/\/www.nuisibles-et-toitures.com\/?page_id=1320#breadcrumb","itemListElement":[{"@type":"ListItem","position":1,"name":"Accueil","item":"https:\/\/www.nuisibles-et-toitures.com\/"},{"@type":"ListItem","position":2,"name":"Pourquoi entretenir ses panneaux solaires ?"}]},{"@type":"WebSite","@id":"https:\/\/www.nuisibles-et-toitures.com\/#website","url":"https:\/\/www.nuisibles-et-toitures.com\/","name":"Nuisibles et Toitures","description":"Qalit\u00e9 est notre mot cl\u00e9","publisher":{"@id":"https:\/\/www.nuisibles-et-toitures.com\/#organization"},"potentialAction":[{"@type":"SearchAction","target":{"@type":"EntryPoint","urlTemplate":"https:\/\/www.nuisibles-et-toitures.com\/?s={search_term_string}"},"query-input":{"@type":"PropertyValueSpecification","valueRequired":true,"valueName":"search_term_string"}}],"inLanguage":"fr-FR"},{"@type":"Organization","@id":"https:\/\/www.nuisibles-et-toitures.com\/#organization","name":"Droniz17","url":"https:\/\/www.nuisibles-et-toitures.com\/","logo":{"@type":"ImageObject","inLanguage":"fr-FR","@id":"https:\/\/www.nuisibles-et-toitures.com\/#\/schema\/logo\/image\/","url":"","contentUrl":"","caption":"Droniz17"},"image":{"@id":"https:\/\/www.nuisibles-et-toitures.com\/#\/schema\/logo\/image\/"},"sameAs":["https:\/\/www.facebook.com\/profile.php?id=61576756703166"]}]}},"_links":{"self":[{"href":"https:\/\/www.nuisibles-et-toitures.com\/index.php?rest_route=\/wp\/v2\/pages\/1320","targetHints":{"allow":["GET"]}}],"collection":[{"href":"https:\/\/www.nuisibles-et-toitures.com\/index.php?rest_route=\/wp\/v2\/pages"}],"about":[{"href":"https:\/\/www.nuisibles-et-toitures.com\/index.php?rest_route=\/wp\/v2\/types\/page"}],"author":[{"embeddable":true,"href":"https:\/\/www.nuisibles-et-toitures.com\/index.php?rest_route=\/wp\/v2\/users\/1"}],"replies":[{"embeddable":true,"href":"https:\/\/www.nuisibles-et-toitures.com\/index.php?rest_route=%2Fwp%2Fv2%2Fcomments&post=1320"}],"version-history":[{"count":1,"href":"https:\/\/www.nuisibles-et-toitures.com\/index.php?rest_route=\/wp\/v2\/pages\/1320\/revisions"}],"predecessor-version":[{"id":1321,"href":"https:\/\/www.nuisibles-et-toitures.com\/index.php?rest_route=\/wp\/v2\/pages\/1320\/revisions\/1321"}],"wp:attachment":[{"href":"https:\/\/www.nuisibles-et-toitures.com\/index.php?rest_route=%2Fwp%2Fv2%2Fmedia&parent=1320"}],"curies":[{"name":"wp","href":"https:\/\/api.w.org\/{rel}","templated":true}]}}